= t. Give a(z).
10
Let m(p) = 3*p**2 - 15*p. Let t(f) = f**2 - 4*f. Let d(y) = -4*m(y) + 15*t(y). What is d(1)?
3
Let j be ((-39)/(-6))/(1/2). Suppose -5*l + j = -2, -2*l = 2*k - 14. Suppose -v = k*w - 4 - 6, 0 = v - 5*w + 17. Let q(g) = g**2 - 2. Calculate q(v).
2
Suppose -8 = 4*z, -2*i - 2*z = -0*i - 4. Let j = i - 2. Suppose j*x - 3*x = -1. Let g(w) = w**2 - w. Calculate g(x).
0
Let m(f) = 6*f**3 - f**2 - 6*f - 1. Let t(b) = b**3 - b**2 - 2*b - 1. Let w(g) = -m(g) + 5*t(g). Give w(-3).
-1
Let q(r) = -r + 4 + 4*r + 0. Suppose 4*x + 1 = -3*w, 3*x - 4 = -3*w + 4*x. Let s = w - 4. Determine q(s).
-5
Suppose 5*x + d - 8 = 14, 3*x + 4*d - 20 = 0. Let s(k) = k - 1. Let n(q) = -q + 2. Let f(a) = -4*n(a) - 5*s(a). Determine f(x).
-7
Let d = 2 + -6. Let p(r) = 2*r**2 + 1 - r**2 + 2*r**2 - 2*r**2 + 3*r. What is p(d)?
5
Let a(j) be the third derivative of j**5/60 - j**4/24 + 2*j**3/3 - 2*j**2 - 20*j. Let f be 2/4*0/(-2). Give a(f).
4
Let y(i) = -i + 4. Let w = 2 - 5. Let b be w/((-6)/8) - 2. Give y(b).
2
Suppose -4*l + 0 = 8, 5*l = 3*r - 28. Let z(c) = -1 - c**3 - c**3 + c**3 - 6*c - 1 + 7*c**2. Calculate z(r).
-2
Let h(x) be the second derivative of -2*x + 1/12*x**4 - 3*x**2 + 1/6*x**3 + 0. Calculate h(0).
-6
Let u(g) be the third derivative of g**6/40 + g**4/24 - g**2. Suppose 13*f = 8*f + 5. Calculate u(f).
4
Let r(o) be the third derivative of -o**4/24 + 5*o**3/6 + 6*o**2. Let h be r(7). Let z(a) = -2*a**2 - a + 2. Calculate z(h).
-4
Let w be (-35)/(-10) + (-2)/4. Let x(u) = -4*u**3 - 3*u - 7*u**2 + 3*u**w - 3*u - 2 + u**2. Calculate x(-5).
3
Let r(w) = 54*w + 4 - 52*w - 3 - 3. Suppose -4*p - 5*k - 51 = 0, -p + k - 6 = -0*k. Let i = p + 13. Calculate r(i).
6
Let g be 2/6 + 38/(-6). Let t(y) be the second derivative of -y**4/12 - 7*y**3/6 - y**2/2 + 6*y. Give t(g).
5
Let s(w) = -w**3 - 6*w**2 - 5*w - 7. Let n(d) = d**3 + 5*d**2 - d - 2. Let l be n(-5). Suppose -2*m - 19 = -l*q, -5*m = -3*q + 35 - 1. What is s(m)?
-7
Let o(z) = z - 5 + 0 + 0. Let w(u) = u**3 - 2*u**2 - 2*u - 2. Let r be w(3). Suppose 2*a = -3*b - r, -6*a + a - b = -17. Determine o(a).
-1
Let k = 11 + -7. Let o = -8 + k. Let x(n) be the first derivative of -2*n**3/3 - 5*n**2/2 + 4*n + 1. Calculate x(o).
-8
Let c be 5/(-1)*90/(-50). Suppose c - 1 = 2*k. Let q(r) = -r + 4. Determine q(k).
0
Let z = 4 - -2. Let s = z + -6. Let g(b) = b**2 - 4*b + 0 + s - 2*b**2. What is g(-5)?
-5
Let v(a) = -a**2 + 7*a - 2. Let c be v(6). Let w = 18 - 14. Let s(f) = -5*f**3 + 2 - 7 + c*f**3 - 6*f + 2*f**3 + w*f**2. Determine s(-5).
0
Let i(m) be the first derivative of 1 + 1/2*m**2 + m + 8/3*m**3. Let c be 10/(-2) - (-16 - -12). Give i(c).
8
Suppose 15 = -7*d + 2*d. Let x be 4/2 - d/(-1). Let j(z) be the second derivative of z**3/3 + z. Give j(x).
-2
Suppose -5 = -2*b - 1. Suppose -y = -b - 0. Let l(j) = -j**y + 0*j + 3*j**2 + 5*j - 2*j. Give l(-3).
9
Let g(n) = -10*n**2. Suppose -i + 5 = -m, 0*m - m = 3*i - 11. Determine g(m).
-10
Let m be 4/8 - (-36)/8. Suppose 0 = -b + 1, 0 = m*k - 4*b - 6. Let g(i) = 3*i**3 - 4*i**2 + 2*i + 2. Determine g(k).
14
Suppose 4*v = v + 12. Let s(w) = 8 - v*w - 10 - w. Give s(2).
-12
Let x be ((-8)/6 - -1)*-9. Let b = x - 5. Let n(u) = u**3 + 4*u**2 + u + 2. Let g(k) = -k**2. Let v(d) = -3*g(d) - n(d). What is v(b)?
4
Let g be 5/2*(-6)/5. Let w(z) = -17*z + 5. Let l(j) = 6*j - 2. Let q(r) = g*w(r) - 8*l(r). Determine q(4).
13
Let y(o) = o**3 - 2*o**2 - 2*o + 1. Let g be y(3). Let j(q) = 4*q - g*q - 1 + q. Give j(2).
1
Let v = -1 + -2. Let a(w) be the second derivative of w**5/20 + w**4/4 - w**3/6 - w**2 + 11*w. What is a(v)?
1
Let s(j) = 5*j + 3 - j + j - 3*j. Let i = -3 - -3. Suppose 4*r = -8 - i. Determine s(r).
-1
Let j(i) be the second derivative of -3/2*i**2 + 0 - 1/6*i**3 - 2*i - 1/20*i**5 - 5/12*i**4. What is j(-5)?
2
Let m = 4 - 10. Let s(r) be the third derivative of -r**5/60 - r**4/24 + 5*r**2. Let g(z) = 2*z**2 + 6*z. Let h(j) = -g(j) - s(j). Determine h(m).
-6
Let o(m) = -2*m + 22. Let i be o(5). Let b be (-14)/8 + 4/(-16). Let n be (-10)/12 + b/i. Let z(q) = 11*q**2 - q - 1. What is z(n)?
11
Let y(d) = -d - 2. Let v be (-10)/4 + 1/(-2). Determine y(v).
1
Let c = 59 + -69. Let b(j) = -j - 7. Calculate b(c).
3
Let v(a) be the second derivative of a**8/6720 + a**7/2520 - a**5/30 - a**4/6 + 3*a. Let s(w) be the third derivative of v(w). Determine s(0).
-4
Let l be (-1 + -3 + 1)*3. Let v be (-6)/9 - 42/l. Suppose 2*n + 6 = -v. Let r(i) = -i**2 - 8*i - 6. What is r(n)?
9
Let r be (-1)/(-1 + 0) + -3. Let k(s) be the first derivative of 3*s**2/2 - s + 39. Determine k(r).
-7
Let g(d) be the first derivative of d**4/4 - 5*d**3/3 + 2*d**2 - 1. Calculate g(4).
0
Let v(q) = 2 - q**3 + 0*q**2 - 7*q**2 + 10*q - 16*q. Give v(-6).
2
Let x(g) = -5*g + 4*g + 6*g + 3 - 7*g. Let z(q) = -q + 1. Let s(o) = x(o) - 4*z(o). Calculate s(1).
1
Let w(h) = h**3 - 4*h**2 + 4. Let r = 6 - 5. Let q be (-2)/6*(-9)/r. Give w(q).
-5
Suppose -2*d + 5*d = -15. Let b(l) = l**2 + 7*l + 6. What is b(d)?
-4
Let b(t) be the second derivative of t**6/360 + t**5/24 + t**4/8 - 5*t**3/6 - t. Let j(m) be the second derivative of b(m). What is j(-3)?
-3
Let d = -1 - -4. Suppose t = -5*s + 27, t - 2*s + 7 + 1 = 0. Let q(f) = f**2 - f + f**t - 4 - 4*f + 2*f. Give q(d).
5
Let h(v) = v**3 + 7*v**2 + 5*v + 3. Let j be 11 + -1 + (11 - 14). Let g = 1 - j. Calculate h(g).
9
Let g(o) be the second derivative of o**8/6720 - o**7/1260 + o**6/360 - o**5/40 - o**4/12 - 3*o. Let y(p) be the third derivative of g(p). Give y(2).
1
Let j = 6 + -5. Let b = 6 - j. Let r(k) = -k - 3. Give r(b).
-8
Let i be (0 - 0)/(-20 - -22). Let z(p) = -p**3 + p**2 + p. Give z(i).
0
Let z(l) = -8*l - 10. Let t(o) be the first derivative of 7/2*o**2 + 9*o - 2. Let b(j) = 7*t(j) + 6*z(j). Give b(-4).
-1
Let m be 3 + -1 - (-2 + 0). Suppose -2*l + m*x = -7*l + 23, -3*x + 15 = 3*l. Let t(q) = 0*q - 3 + l*q - 2*q. Give t(5).
2
Let x(m) = m**2 - 4*m - 1. Let d(r) = -r**3 - 6*r**2 + 5. Let p be d(-6). Suppose p*o - 10*o = -25. Give x(o).
4
Let l(j) be the first derivative of 0*j**2 - 6 - 4*j - 1/3*j**3. Calculate l(-3).
-13
Let n(c) = -3*c + 1. Suppose -2*i - 3*s + 3 = 0, 4*i + 0*i = -2*s + 10. Suppose -i*q = -b - 14, -5*q + 2*q + 3*b = -24. Let d = q - 4. Calculate n(d).
4
Let w(m) be the second derivative of m**3/6 + 3*m**2/2 + 2*m. Suppose -q - 4*u = -u + 10, -q + u = 2. Let r be w(q). Let k(y) = 13*y**2 + 1. Determine k(r).
14
Let u(g) = -g**2 + 10*g + 12. Let p be u(11). Suppose -2*v - 2*d = 8, -5*v - 2*d - 4 = 1. Let r(y) = -y**2 + v + 0 - 2*y**3 - y**2. Determine r(p).
-3
Let m(r) = -r. Let f(a) = a + 4. Let b(n) = f(n) + 2*m(n). Give b(-7).
11
Let v be (-3 - -1)/((-6)/(-9)). Let h(a) = a**3 + 2*a**2 - 2*a + 4. What is h(v)?
1
Let i(m) = -6*m - 9. Let o be i(-1). Let g(v) = 4*v - 3. Determine g(o).
-15
Let y(i) = -69*i**2 + i**3 - 77*i**2 + 145*i**2 - 5 - i. Determine y(0).
-5
Let v(a) = 2*a - 3*a - 3*a - a + 7. Let u be 4/((-8)/2) + 6. What is v(u)?
-18
Suppose r - 16 + 13 = 0. Let i(d) = 2*d**2 - d - 3. What is i(r)?
12
Let p(t) = 7*t + 1. Let i(m) = -2*m. Let g(q) = 6*i(q) + 2*p(q). Suppose -5*s + o + 6 = -7, 3*s - o - 7 = 0. Determine g(s).
8
Let q(l) = 3*l + l - 2 - 2*l. Let g(d) = -d**3 - 2*d**2 + 2*d - 1. Let j be g(1). Give q(j).
-6
Let f(r) = -r**3 + 4*r**2 - r - 3. Let c = -16 - -22. Suppose -c*p = -7 - 17. What is f(p)?
-7
Let c(s) = -s. Let l be (-2)/4 - (-6)/4. Let w(p) = -8*p - p**3 + 11*p**2 - 11*p**2 + 4 + 5*p**2. Let m(h) = l*w(h) - 3*c(h). Calculate m(4).
0
Let q(t) = 0*t**2 + 8*t - t**2 + 3 - 11. Give q(7).
-1
Let x(b) be the first derivative of b**3 + b - 22. What is x(-2)?
13
Let n(o) be the second derivative of -o**5/20 + 7*o**4/12 - o**3/2 - 5*o**2/2 - 34*o. Calculate n(6).
13
Let f(j) = j**2 - 2*j - 9. Let g(a) = -a. Let d(x) = -f(x) - 4*g(x). Calculate d(7).
2
Suppose -b = 4*b + 5. Let u be b/(-2)*(-12)/(-2). Let y(h) = -3*h + 2. Calculate y(u).
-7
Let n be 6*((-2)/8)/((-6)/16). Let c(w) = -2*w**2 + 6*w - 1. Give c(n).
-9
Let r(u) be the first derivative of u**2/2 - 8*u - 19. Determine r(6).
-2
Let t(q) be the second derivative of 0 - 6*q + 0*q**2 + 1/6*q**3 - 7/12*q**4. Calculate t(1).
-6
Let w(g) = -g**2 - 6*g - 1. Let r(m) = m**2 - 2*m + 2. Let a be r(2). Let b be a/(1 - 6/4). Let q be (1 - 2)/(b/(-24)). What is